{"id":226,"date":"2012-03-24T13:04:30","date_gmt":"2012-03-24T13:04:30","guid":{"rendered":"http:\/\/irmascheilla.org.br\/?page_id=226"},"modified":"2019-06-14T18:45:44","modified_gmt":"2019-06-14T21:45:44","slug":"campanhas","status":"publish","type":"page","link":"https:\/\/irmascheilla.org.br\/?page_id=226","title":{"rendered":"Campanhas"},"content":{"rendered":"<p>PARTICIPE DESSES PROJETOS DOANDO ALIMENTOS N\u00c3O PEREC\u00cdVEIS PARA CONFEC\u00c7\u00c3O DE CESTAS B\u00c1SICAS.<br \/>\nACEITAMOS TAMB\u00c9M DOA\u00c7\u00d5ES DE AGASALHO, COBERTORES, MEIAS, ROUPAS E CAL\u00c7ADOS (tudo em bom estado de uso), ADULTO E INFANTIL, PARA DISTRIBUIR AOS MORADORES DE RUA.<\/p>\n<p><img decoding=\"async\" src=\" https:\/\/irmascheilla.org.br\/wp-content\/uploads\/2012\/03\/ag.jpg \" alt=\"\" \/><\/p>\n<p><img decoding=\"async\" src=\"https:\/\/irmascheilla.org.br\/wp-content\/uploads\/2012\/03\/mu.jpg \" alt=\"\" \/><\/p>\n<p><img decoding=\"async\" src=\"https:\/\/irmascheilla.org.br\/wp-content\/uploads\/2012\/03\/zsz.jpg \" alt=\"\" \/><br \/>\nQuem puder ajudar n\u00f3s agradecemos.<\/p>\n<p><img decoding=\"async\" src=\"https:\/\/irmascheilla.org.br\/wp-content\/uploads\/2012\/03\/zma.jpg\" alt=\"\" \/><br \/>\nVoc\u00ea sabia que temos v\u00e1rios projetos s\u00f3cio-educativos no Recanto de Luz Pronto Socorro Espiritual Irm\u00e3 Scheilla.<br \/>\nVenha participar conosco desses projetos. Com uma contribu\u00e7\u00e3o mensal\u00a0 voc\u00ea estar\u00e1 ajudando aos menos favorecidos.<br \/>\nPara ser um associado: Recanto de Luz Irm\u00e3 Scheilla &#8211; (fabiodionisi@terra.com.br).<\/p>\n<p><img decoding=\"async\" src=\"https:\/\/irmascheilla.org.br\/wp-content\/uploads\/2012\/03\/IMG-20150507-WA00001.jpg\" alt=\"\" \/><\/p>\n<p>O que n\u00e3o serve para voc\u00ea pode fazer a diferen\u00e7a para algu\u00e9m.<br \/>\nTodos os medicamentos ser\u00e3o encaminhados para farm\u00e1cia comunit\u00e1ria que atende mais de 400 pessoas por dia.<br \/>\nPosto de Coleta: Recanto de Luz Irm\u00e3 Scheilla aos cuidados do Dr.Omar.<\/p>\n<p><img decoding=\"async\" src=\"https:\/\/irmascheilla.org.br\/wp-content\/uploads\/2012\/03\/campanhaquilo_cor.jpg\" alt=\"\" \/><\/p>\n<p>Constitui-se em um\u00a0exerc\u00edcio\u00a0dos ensinamentos de Cristo &#8211; por meio da campanha podemos exercitar a humildade, a caridade e o amor ao pr\u00f3ximo.<\/p>\n<p>O objetivo da Campanha do Quilo \u00e9 arrecadar alimentos n\u00e3o perec\u00edveis em quantidades suficientes e diversificadas para serem\u00a0distribu\u00eddas a fam\u00edlias carentes cadastradas em nosso Recanto.<\/p>\n<p>COLABORE VOC\u00ca TAMB\u00c9M!<\/p>\n<p>&nbsp;<\/p>\n<p>&nbsp;<\/p>\n<p><img decoding=\"async\" src=\"https:\/\/irmascheilla.org.br\/wp-content\/uploads\/2012\/03\/voluntariado.jpg\" alt=\"\" \/><\/p>\n<p>O trabalho volunt\u00e1rio \u00e9 uma a\u00e7\u00e3o de cidadania e solidariedade, que enriquece a vida pessoal de quem faz. Ser volunt\u00e1rio \u00e9 dedicar espontaneamente parte do tempo para trabalhar em prol do bem social e comunit\u00e1rio.<br \/>\nTudo o que voc\u00ea faz bem, pode fazer bem para algu\u00e9m. Fa\u00e7a a diferen\u00e7a seja um volunt\u00e1rio doe uma por\u00e7\u00e3o do seu tempo para a caridade.<\/p>\n<p>&#8220;Todos os deveres do homem se encontram resumidos na m\u00e1xima: Fora da Caridade n\u00e3o h\u00e1 Salva\u00e7\u00e3o&#8221;<br \/>\nAllan Kardec<\/p>\n<p>Para ser um volunt\u00e1rio \u00e9 necess\u00e1rio:<br \/>\n\u2022 Ter mais de 18 anos;<br \/>\n\u2022 Definir o tempo que voc\u00ea tem dispon\u00edvel para ser volunt\u00e1rio na Institui\u00e7\u00e3o;<br \/>\n\u2022 Ter disponibilidade de no m\u00ednimo 4 horas semanais para realizar as atividades e consci\u00eancia que o servi\u00e7o volunt\u00e1rio n\u00e3o \u00e9 um trabalho casual e\/ou espor\u00e1dico, mas que requer compromissos e responsabilidade com as atividades assumidas perante a Institui\u00e7\u00e3o;<br \/>\n\u2022 Aceitar regras pr\u00e9 existentes<br \/>\n\u2022 Contato para inscri\u00e7\u00f5es e esclarecimentos de d\u00favidas acesse o \u201cfale conosco\u201d .<\/p>\n<p>&nbsp;<\/p>\n<p><span style=\"color: #4169e1;\"><strong><span style=\"text-decoration: underline;\"><br \/>\n<\/span><\/strong><\/span><\/p>\n","protected":false},"excerpt":{"rendered":"<p>PARTICIPE DESSES PROJETOS DOANDO ALIMENTOS N\u00c3O PEREC\u00cdVEIS PARA CONFEC\u00c7\u00c3O DE CESTAS B\u00c1SICAS. ACEITAMOS TAMB\u00c9M DOA\u00c7\u00d5ES DE AGASALHO, COBERTORES, MEIAS, ROUPAS E CAL\u00c7ADOS (tudo em bom estado de uso), ADULTO E INFANTIL, PARA DISTRIBUIR AOS MORADORES DE RUA. Quem puder ajudar n\u00f3s agradecemos. Voc\u00ea sabia que temos v\u00e1rios projetos s\u00f3cio-educativos no Recanto de Luz Pronto Socorro [&hellip;]<\/p>\n","protected":false},"author":1,"featured_media":0,"parent":118,"menu_order":9,"comment_status":"closed","ping_status":"open","template":"","meta":{"ngg_post_thumbnail":0},"_links":{"self":[{"href":"https:\/\/irmascheilla.org.br\/index.php?rest_route=\/wp\/v2\/pages\/226"}],"collection":[{"href":"https:\/\/irmascheilla.org.br\/index.php?rest_route=\/wp\/v2\/pages"}],"about":[{"href":"https:\/\/irmascheilla.org.br\/index.php?rest_route=\/wp\/v2\/types\/page"}],"author":[{"embeddable":true,"href":"https:\/\/irmascheilla.org.br\/index.php?rest_route=\/wp\/v2\/users\/1"}],"replies":[{"embeddable":true,"href":"https:\/\/irmascheilla.org.br\/index.php?rest_route=%2Fwp%2Fv2%2Fcomments&post=226"}],"version-history":[{"count":21,"href":"https:\/\/irmascheilla.org.br\/index.php?rest_route=\/wp\/v2\/pages\/226\/revisions"}],"predecessor-version":[{"id":479,"href":"https:\/\/irmascheilla.org.br\/index.php?rest_route=\/wp\/v2\/pages\/226\/revisions\/479"}],"up":[{"embeddable":true,"href":"https:\/\/irmascheilla.org.br\/index.php?rest_route=\/wp\/v2\/pages\/118"}],"wp:attachment":[{"href":"https:\/\/irmascheilla.org.br\/index.php?rest_route=%2Fwp%2Fv2%2Fmedia&parent=226"}],"curies":[{"name":"wp","href":"https:\/\/api.w.org\/{rel}","templated":true}]}}